{"id":3696,"date":"2022-10-03T00:19:16","date_gmt":"2022-10-02T22:19:16","guid":{"rendered":"https:\/\/monteparra.controlv.es\/?post_type=product&#038;p=3696"},"modified":"2026-04-11T21:01:19","modified_gmt":"2026-04-11T19:01:19","slug":"producto-demo-4","status":"publish","type":"product","link":"https:\/\/www.monteparra.com\/tienda\/producto\/producto-demo-4\/","title":{"rendered":"Lomo de Cebo de Campo Ib\u00e9rico &#8211; 50% Raza Ib\u00e9rica"},"content":{"rendered":"<p>Es una de las piezas m\u00e1s nobles del cerdo ib\u00e9rico, tiene una textura y aroma suaves, presentando al corte las caracter\u00edsticas de vetas de grasa infiltrada, derivadas de su calidad y origen. Se le aplica el salado, adobado y embuchado en tripa, pasando despu\u00e9s un proceso de curaci\u00f3n en nuestros secaderos naturales, donde permanece unos 6 meses. El secreto, el adobo perfeccionado durante generaciones con especias naturales y piment\u00f3n de La Vera que confieren a este embutido un sabor excepcional.<\/p>\n<p><strong>Peso aproximado por pieza:<\/strong>\u00a01,1 \u2013 1,3kg<\/p>\n<p><strong>Opci\u00f3n \u00abpieza loncheada\u00bb:<\/strong> 11 sobres al vac\u00edo de 100g\/u<\/p>\n","protected":false},"excerpt":{"rendered":"<p><strong>INGREDIENTES: <\/strong>Lomo de cebo campo ib\u00e9rico de cerdo, sal, az\u00facares (az\u00facar, dextrosa, jarabe de glucosa), piment\u00f3n, especias, antioxidante (E-316)\u00a0 y conservadores (E-250, E-252)<\/p>\n<p><strong>CONDICIONES DE CONSERVACI\u00d3N: <\/strong>Cons\u00e9rvese en un lugar fresco y seco<\/p>\n<p><strong>AL\u00c9RGENOS:\u00a0<\/strong>No contiene seg\u00fan Anexo II del Reglamento (UE) 1169\/2011<\/p>\n<p><strong>INFORMACI\u00d3N NUTRICIONAL. <\/strong>Valores medios por 100g de producto<\/p>\n<p><strong>Valor Energ\u00e9tico: 1683 kj \/ 405 kcal<\/strong><\/p>\n<p><strong>Grasas: 30,0 g.<\/strong><\/p>\n<p>De las cuales <strong>saturadas: 12,6 g.<\/strong><\/p>\n<p><strong>Hidratos de carbono: 0,9 g.<\/strong><\/p>\n<p><strong>\u00a0<\/strong>De los cuales<strong> az\u00facares: 0,9 g.<\/strong><\/p>\n<p><strong>Prote\u00ednas: 32,8 g.<\/strong><\/p>\n<p><strong>Sal: 4,1 g.<\/strong><\/p>\n","protected":false},"featured_media":4201,"template":"","meta":[],"product_brand":[],"product_cat":[57],"product_tag":[],"class_list":{"0":"post-3696","1":"product","2":"type-product","3":"status-publish","4":"has-post-thumbnail","6":"product_cat-embutidos","8":"first","9":"instock","10":"taxable","11":"shipping-taxable","12":"purchasable","13":"product-type-variable"},"_links":{"self":[{"href":"https:\/\/www.monteparra.com\/tienda\/wp-json\/wp\/v2\/product\/3696","targetHints":{"allow":["GET"]}}],"collection":[{"href":"https:\/\/www.monteparra.com\/tienda\/wp-json\/wp\/v2\/product"}],"about":[{"href":"https:\/\/www.monteparra.com\/tienda\/wp-json\/wp\/v2\/types\/product"}],"wp:featuredmedia":[{"embeddable":true,"href":"https:\/\/www.monteparra.com\/tienda\/wp-json\/wp\/v2\/media\/4201"}],"wp:attachment":[{"href":"https:\/\/www.monteparra.com\/tienda\/wp-json\/wp\/v2\/media?parent=3696"}],"wp:term":[{"taxonomy":"product_brand","embeddable":true,"href":"https:\/\/www.monteparra.com\/tienda\/wp-json\/wp\/v2\/product_brand?post=3696"},{"taxonomy":"product_cat","embeddable":true,"href":"https:\/\/www.monteparra.com\/tienda\/wp-json\/wp\/v2\/product_cat?post=3696"},{"taxonomy":"product_tag","embeddable":true,"href":"https:\/\/www.monteparra.com\/tienda\/wp-json\/wp\/v2\/product_tag?post=3696"}],"curies":[{"name":"wp","href":"https:\/\/api.w.org\/{rel}","templated":true}]}}

Lomo de Cebo de Campo Ibérico &#8211; 50% Raza Ibérica

<p>Es una de las piezas más nobles del cerdo ibérico, tiene una textura y aroma suaves, presentando al corte las características de vetas de grasa infiltrada, derivadas de su calidad y origen. Se le aplica el salado, adobado y embuchado en tripa, pasando después un proceso de curación en nuestros secaderos naturales, donde permanece unos 6 meses. El secreto, el adobo perfeccionado durante generaciones con especias naturales y pimentón de La Vera que confieren a este embutido un sabor excepcional.</p>
<p><strong>Peso aproximado por pieza:</strong> 1,1 – 1,3kg</p>
<p><strong>Opción «pieza loncheada»:</strong> 11 sobres al vacío de 100g/u</p>

<p><strong>INGREDIENTES: </strong>Lomo de cebo campo ibérico de cerdo, sal, azúcares (azúcar, dextrosa, jarabe de glucosa), pimentón, especias, antioxidante (E-316)  y conservadores (E-250, E-252)</p>
<p><strong>CONDICIONES DE CONSERVACIÓN: </strong>Consérvese en un lugar fresco y seco</p>
<p><strong>ALÉRGENOS: </strong>No contiene según Anexo II del Reglamento (UE) 1169/2011</p>
<p><strong>INFORMACIÓN NUTRICIONAL. </strong>Valores medios por 100g de producto</p>
<p><strong>Valor Energético: 1683 kj / 405 kcal</strong></p>
<p><strong>Grasas: 30,0 g.</strong></p>
<p>De las cuales <strong>saturadas: 12,6 g.</strong></p>
<p><strong>Hidratos de carbono: 0,9 g.</strong></p>
<p><strong> </strong>De los cuales<strong> azúcares: 0,9 g.</strong></p>
<p><strong>Proteínas: 32,8 g.</strong></p>
<p><strong>Sal: 4,1 g.</strong></p>
