{"id":3889,"date":"2022-10-04T09:16:51","date_gmt":"2022-10-04T07:16:51","guid":{"rendered":"https:\/\/monteparra.controlv.es\/?post_type=product&#038;p=3889"},"modified":"2025-12-01T09:03:58","modified_gmt":"2025-12-01T08:03:58","slug":"pack-parra","status":"publish","type":"product","link":"https:\/\/www.monteparra.com\/tienda\/producto\/pack-parra\/","title":{"rendered":"Pack \u00abParra\u00bb"},"content":{"rendered":"<p><strong>Cada Pack contiene:\u00a0<\/strong><\/p>\n<p>Jam\u00f3n de Cebo de Campo Ib\u00e9rico 50% Raza Ib\u00e9rica (8 kg aprox)<br \/>\nMedia pieza de Lomo de Cebo de Campo Ib\u00e9rico 50% Raza Ib\u00e9rica (600g aprox)<br \/>\nMedia pieza de Chorizo Ib\u00e9rico de Bellota (500g aprox)<br \/>\nMedia pieza de Salchich\u00f3n Ib\u00e9rico de Bellota (500 g aprox)<\/p>\n<p>&nbsp;<\/p>\n","protected":false},"excerpt":{"rendered":"<p>Puede consultar los INGREDIENTES, los AL\u00c9RGENOS, las CONDICIONES DE CONSERVACI\u00d3N y los\u00a0 VALORES NUTRICIONALES de los productos incluidos en el apartado JAMONES y PALETAS y\/o EMBUTIDOS<\/p>\n","protected":false},"featured_media":3883,"template":"","meta":[],"product_brand":[],"product_cat":[59],"product_tag":[],"class_list":{"0":"post-3889","1":"product","2":"type-product","3":"status-publish","4":"has-post-thumbnail","6":"product_cat-packs","8":"first","9":"instock","10":"taxable","11":"shipping-taxable","12":"purchasable","13":"product-type-simple"},"_links":{"self":[{"href":"https:\/\/www.monteparra.com\/tienda\/wp-json\/wp\/v2\/product\/3889","targetHints":{"allow":["GET"]}}],"collection":[{"href":"https:\/\/www.monteparra.com\/tienda\/wp-json\/wp\/v2\/product"}],"about":[{"href":"https:\/\/www.monteparra.com\/tienda\/wp-json\/wp\/v2\/types\/product"}],"wp:featuredmedia":[{"embeddable":true,"href":"https:\/\/www.monteparra.com\/tienda\/wp-json\/wp\/v2\/media\/3883"}],"wp:attachment":[{"href":"https:\/\/www.monteparra.com\/tienda\/wp-json\/wp\/v2\/media?parent=3889"}],"wp:term":[{"taxonomy":"product_brand","embeddable":true,"href":"https:\/\/www.monteparra.com\/tienda\/wp-json\/wp\/v2\/product_brand?post=3889"},{"taxonomy":"product_cat","embeddable":true,"href":"https:\/\/www.monteparra.com\/tienda\/wp-json\/wp\/v2\/product_cat?post=3889"},{"taxonomy":"product_tag","embeddable":true,"href":"https:\/\/www.monteparra.com\/tienda\/wp-json\/wp\/v2\/product_tag?post=3889"}],"curies":[{"name":"wp","href":"https:\/\/api.w.org\/{rel}","templated":true}]}}