{"id":3961,"date":"2022-10-13T11:48:41","date_gmt":"2022-10-13T09:48:41","guid":{"rendered":"https:\/\/monteparra.controlv.es\/?post_type=product&#038;p=3961"},"modified":"2025-11-24T10:17:05","modified_gmt":"2025-11-24T09:17:05","slug":"jamon-de-bellota-iberico-75-raza-iberica-dop-guijuelo","status":"publish","type":"product","link":"https:\/\/www.monteparra.com\/tienda\/producto\/jamon-de-bellota-iberico-75-raza-iberica-dop-guijuelo\/","title":{"rendered":"Jam\u00f3n de Bellota Ib\u00e9rico &#8211; 75% Raza Ib\u00e9rica DOP Guijuelo"},"content":{"rendered":"<p>Tras dos a\u00f1os de montanera, su infiltraci\u00f3n de grasa hace que cada loncha se derrita en la boca y su recuerdo perdure recordando sus m\u00e1s de 36 meses de curaci\u00f3n en bodegas naturales. Veteado marfil, color rub\u00ed, dulzura, sabor intenso, matices y retrogusto que permanece. Joya de la gastronom\u00eda.<\/p>\n<p><strong>MODO DE PREPARACI\u00d3N \u00abCORTADO A CUCHILLO\u00bb &#8211; Entrega en sobres al vac\u00edo de 100g\/u: <\/strong>30 Sobres (jamones de 7-8 kg) \/\u00a0 34 Sobres (jamones de 8-9 kg) \/ 39 Sobres (jamones de 9-10 kg)<\/p>\n","protected":false},"excerpt":{"rendered":"<p><strong>INGREDIENTES: <\/strong>Jam\u00f3n de cerdo ib\u00e9rico, sal y conservadores E-250.<\/p>\n<p><strong>CONDICIONES DE CONSERVACI\u00d3N: <\/strong>Cons\u00e9rvese en un lugar seco a temperatura ambiente (Aprox. 20\u00baC)<\/p>\n<p><strong>AL\u00c9RGENOS: <\/strong>Ninguno. Sin lactosa<\/p>\n<p><strong>INFORMACI\u00d3N NUTRICIONAL: <\/strong>Valores medios por 100g de producto<\/p>\n<p><strong>Valor Energ\u00e9tico: 1510 kj \/ 363 kcal<\/strong><\/p>\n<p><strong>Grasas: 25,6 g.<\/strong><\/p>\n<p>De las cuales <strong>saturadas: 8,2 g.<\/strong><\/p>\n<p><strong>Hidratos de carbono: &lt;0,5 g.<\/strong><\/p>\n<p><strong>\u00a0<\/strong>De los cuales<strong> az\u00facares: &lt;0,5 g.<\/strong><\/p>\n<p><strong>Prote\u00ednas: 33,1 g.<\/strong><\/p>\n<p><strong>Sal: 5,40 g.<\/strong><\/p>\n","protected":false},"featured_media":4178,"template":"","meta":[],"product_brand":[],"product_cat":[56],"product_tag":[],"class_list":{"0":"post-3961","1":"product","2":"type-product","3":"status-publish","4":"has-post-thumbnail","6":"product_cat-jamones-y-paletas","8":"first","9":"instock","10":"taxable","11":"shipping-taxable","12":"purchasable","13":"product-type-variable"},"_links":{"self":[{"href":"https:\/\/www.monteparra.com\/tienda\/wp-json\/wp\/v2\/product\/3961","targetHints":{"allow":["GET"]}}],"collection":[{"href":"https:\/\/www.monteparra.com\/tienda\/wp-json\/wp\/v2\/product"}],"about":[{"href":"https:\/\/www.monteparra.com\/tienda\/wp-json\/wp\/v2\/types\/product"}],"wp:featuredmedia":[{"embeddable":true,"href":"https:\/\/www.monteparra.com\/tienda\/wp-json\/wp\/v2\/media\/4178"}],"wp:attachment":[{"href":"https:\/\/www.monteparra.com\/tienda\/wp-json\/wp\/v2\/media?parent=3961"}],"wp:term":[{"taxonomy":"product_brand","embeddable":true,"href":"https:\/\/www.monteparra.com\/tienda\/wp-json\/wp\/v2\/product_brand?post=3961"},{"taxonomy":"product_cat","embeddable":true,"href":"https:\/\/www.monteparra.com\/tienda\/wp-json\/wp\/v2\/product_cat?post=3961"},{"taxonomy":"product_tag","embeddable":true,"href":"https:\/\/www.monteparra.com\/tienda\/wp-json\/wp\/v2\/product_tag?post=3961"}],"curies":[{"name":"wp","href":"https:\/\/api.w.org\/{rel}","templated":true}]}}