{"id":4029,"date":"2022-10-13T12:26:30","date_gmt":"2022-10-13T10:26:30","guid":{"rendered":"https:\/\/monteparra.controlv.es\/?post_type=product&#038;p=4029"},"modified":"2025-12-01T09:51:12","modified_gmt":"2025-12-01T08:51:12","slug":"lomito-iberico-de-bellota","status":"publish","type":"product","link":"https:\/\/www.monteparra.com\/tienda\/producto\/lomito-iberico-de-bellota\/","title":{"rendered":"Lomito Ib\u00e9rico de Bellota"},"content":{"rendered":"<p>Proviene de la presa, considerada como una de las piezas m\u00e1s nobles del cerdo ib\u00e9rico, tiene una textura y aroma suaves, presentando al corte las caracter\u00edsticas de vetas de grasa infiltrada, derivadas de su calidad y de la alimentaci\u00f3n basada en Bellotas. Es uno de nuestros embutidos estrella con el que acertar\u00e1s, su sabor intenso, suave, cierto toque ahumado, ligero recuerdo a jam\u00f3n.<\/p>\n<p><strong>Peso aproximado por pieza:<\/strong>\u00a0350-450g<\/p>\n","protected":false},"excerpt":{"rendered":"<p><strong>INGREDIENTES: <\/strong>Presa ib\u00e9rica de cerdo, sal, az\u00facares (az\u00facar, dextrosa, jarabe de glucosa), piment\u00f3n, especias, antioxidante (E-316)\u00a0 y conservadores (E-250, E-252)<\/p>\n<p><strong>CONDICIONES DE CONSERVACI\u00d3N: <\/strong>Cons\u00e9rvese en un lugar fresco y seco<\/p>\n<p><strong>AL\u00c9RGENOS: <\/strong>No contiene seg\u00fan Anexo II del Reglamento (UE) 1169\/2011<\/p>\n<p><strong>INFORMACI\u00d3N NUTRICIONAL. <\/strong>Valores medios por 100g de producto<\/p>\n<p><strong>Valor Energ\u00e9tico: 1513 kj \/ 363 kcal<\/strong><\/p>\n<p><strong>Grasas: 25,0 g.<\/strong><\/p>\n<p>De las cuales <strong>saturadas: 8,4 g.<\/strong><\/p>\n<p><strong>Hidratos de carbono: 0,9 g.<\/strong><\/p>\n<p><strong>\u00a0<\/strong>De los cuales<strong> az\u00facares: 0,9 g.<\/strong><\/p>\n<p><strong>Prote\u00ednas: 33,7 g.<\/strong><\/p>\n<p><strong>Sal: 3,8 g.<\/strong><\/p>\n","protected":false},"featured_media":4200,"template":"","meta":[],"product_brand":[],"product_cat":[57],"product_tag":[],"class_list":{"0":"post-4029","1":"product","2":"type-product","3":"status-publish","4":"has-post-thumbnail","6":"product_cat-embutidos","8":"first","9":"instock","10":"taxable","11":"shipping-taxable","12":"purchasable","13":"product-type-simple"},"_links":{"self":[{"href":"https:\/\/www.monteparra.com\/tienda\/wp-json\/wp\/v2\/product\/4029","targetHints":{"allow":["GET"]}}],"collection":[{"href":"https:\/\/www.monteparra.com\/tienda\/wp-json\/wp\/v2\/product"}],"about":[{"href":"https:\/\/www.monteparra.com\/tienda\/wp-json\/wp\/v2\/types\/product"}],"wp:featuredmedia":[{"embeddable":true,"href":"https:\/\/www.monteparra.com\/tienda\/wp-json\/wp\/v2\/media\/4200"}],"wp:attachment":[{"href":"https:\/\/www.monteparra.com\/tienda\/wp-json\/wp\/v2\/media?parent=4029"}],"wp:term":[{"taxonomy":"product_brand","embeddable":true,"href":"https:\/\/www.monteparra.com\/tienda\/wp-json\/wp\/v2\/product_brand?post=4029"},{"taxonomy":"product_cat","embeddable":true,"href":"https:\/\/www.monteparra.com\/tienda\/wp-json\/wp\/v2\/product_cat?post=4029"},{"taxonomy":"product_tag","embeddable":true,"href":"https:\/\/www.monteparra.com\/tienda\/wp-json\/wp\/v2\/product_tag?post=4029"}],"curies":[{"name":"wp","href":"https:\/\/api.w.org\/{rel}","templated":true}]}}

Lomito Ibérico de Bellota

<p>Proviene de la presa, considerada como una de las piezas más nobles del cerdo ibérico, tiene una textura y aroma suaves, presentando al corte las características de vetas de grasa infiltrada, derivadas de su calidad y de la alimentación basada en Bellotas. Es uno de nuestros embutidos estrella con el que acertarás, su sabor intenso, suave, cierto toque ahumado, ligero recuerdo a jamón.</p>
<p><strong>Peso aproximado por pieza:</strong> 350-450g</p>

<p><strong>INGREDIENTES: </strong>Presa ibérica de cerdo, sal, azúcares (azúcar, dextrosa, jarabe de glucosa), pimentón, especias, antioxidante (E-316)  y conservadores (E-250, E-252)</p>
<p><strong>CONDICIONES DE CONSERVACIÓN: </strong>Consérvese en un lugar fresco y seco</p>
<p><strong>ALÉRGENOS: </strong>No contiene según Anexo II del Reglamento (UE) 1169/2011</p>
<p><strong>INFORMACIÓN NUTRICIONAL. </strong>Valores medios por 100g de producto</p>
<p><strong>Valor Energético: 1513 kj / 363 kcal</strong></p>
<p><strong>Grasas: 25,0 g.</strong></p>
<p>De las cuales <strong>saturadas: 8,4 g.</strong></p>
<p><strong>Hidratos de carbono: 0,9 g.</strong></p>
<p><strong> </strong>De los cuales<strong> azúcares: 0,9 g.</strong></p>
<p><strong>Proteínas: 33,7 g.</strong></p>
<p><strong>Sal: 3,8 g.</strong></p>
