{"id":4036,"date":"2022-10-13T12:35:07","date_gmt":"2022-10-13T10:35:07","guid":{"rendered":"https:\/\/monteparra.controlv.es\/?post_type=product&#038;p=4036"},"modified":"2025-10-12T20:09:00","modified_gmt":"2025-10-12T18:09:00","slug":"chorizo-iberico-de-bellota","status":"publish","type":"product","link":"https:\/\/www.monteparra.com\/tienda\/producto\/chorizo-iberico-de-bellota\/","title":{"rendered":"Chorizo Ib\u00e9rico de Bellota"},"content":{"rendered":"<p>Es un icono de la gastronom\u00eda espa\u00f1ola. Su sabor caracter\u00edstico que le otorga el piment\u00f3n de la Vera y otras especias, su curaci\u00f3n y la nobleza de las carnes con las que se elabora le da ese sabor tan inconfundible y sabroso. Podemos sentir el tacto oleoso de las Bellotas en cada bocado.\u00a0 Embutido en tripa natural. Se puede tomar en lonchas o en tacos dejando orear unos minutos antes de consumir.<\/p>\n<p><strong>Peso aproximado por pieza:<\/strong>\u00a00,9 \u2013 1,1kg<\/p>\n<p><strong>Opci\u00f3n \u00abpieza loncheada\u00bb:<\/strong> 9 sobres al vac\u00edo de 100g\/u<\/p>\n","protected":false},"excerpt":{"rendered":"<p><strong>INGREDIENTES: <\/strong>Carne y grasa de cerdo, sal, piment\u00f3n, dextrina, dextrosa, prote\u00edna c\u00e1rnica (cerdo), especias, emulgentes (E-450i, E-450iii, E-451i, E-452i, E-452ii), az\u00facar, antioxidantes (E-301, E-325, E-331iii), conservadores (E-252, E-250) y aroma natural.<\/p>\n<p><strong>CONDICIONES DE CONSERVACI\u00d3N: <\/strong>Cons\u00e9rvese en un lugar fresco y seco<\/p>\n<p><strong>AL\u00c9RGENOS: <\/strong>No contiene seg\u00fan Anexo II del Reglamento (UE) 1169\/2011<\/p>\n<p><strong>INFORMACI\u00d3N NUTRICIONAL. <\/strong>Valores medios por 100g de producto<\/p>\n<p><strong>Valor Energ\u00e9tico: 2016 kj \/ 486 kcal<\/strong><\/p>\n<p><strong>Grasas: 40,6 g.<\/strong><\/p>\n<p>De las cuales <strong>saturadas: 16,6 g.<\/strong><\/p>\n<p><strong>Hidratos de carbono: 1,8 g.<\/strong><\/p>\n<p><strong>\u00a0<\/strong>De los cuales<strong> az\u00facares: &lt;0,5 g.<\/strong><\/p>\n<p><strong>Prote\u00ednas: 28,4 g.<\/strong><\/p>\n<p><strong>Sal: 4,1 g.<\/strong><\/p>\n","protected":false},"featured_media":4197,"template":"","meta":[],"product_brand":[],"product_cat":[57],"product_tag":[],"class_list":{"0":"post-4036","1":"product","2":"type-product","3":"status-publish","4":"has-post-thumbnail","6":"product_cat-embutidos","8":"first","9":"instock","10":"taxable","11":"shipping-taxable","12":"purchasable","13":"product-type-variable"},"_links":{"self":[{"href":"https:\/\/www.monteparra.com\/tienda\/wp-json\/wp\/v2\/product\/4036","targetHints":{"allow":["GET"]}}],"collection":[{"href":"https:\/\/www.monteparra.com\/tienda\/wp-json\/wp\/v2\/product"}],"about":[{"href":"https:\/\/www.monteparra.com\/tienda\/wp-json\/wp\/v2\/types\/product"}],"wp:featuredmedia":[{"embeddable":true,"href":"https:\/\/www.monteparra.com\/tienda\/wp-json\/wp\/v2\/media\/4197"}],"wp:attachment":[{"href":"https:\/\/www.monteparra.com\/tienda\/wp-json\/wp\/v2\/media?parent=4036"}],"wp:term":[{"taxonomy":"product_brand","embeddable":true,"href":"https:\/\/www.monteparra.com\/tienda\/wp-json\/wp\/v2\/product_brand?post=4036"},{"taxonomy":"product_cat","embeddable":true,"href":"https:\/\/www.monteparra.com\/tienda\/wp-json\/wp\/v2\/product_cat?post=4036"},{"taxonomy":"product_tag","embeddable":true,"href":"https:\/\/www.monteparra.com\/tienda\/wp-json\/wp\/v2\/product_tag?post=4036"}],"curies":[{"name":"wp","href":"https:\/\/api.w.org\/{rel}","templated":true}]}}

Chorizo Ibérico de Bellota

<p>Es un icono de la gastronomía española. Su sabor característico que le otorga el pimentón de la Vera y otras especias, su curación y la nobleza de las carnes con las que se elabora le da ese sabor tan inconfundible y sabroso. Podemos sentir el tacto oleoso de las Bellotas en cada bocado.  Embutido en tripa natural. Se puede tomar en lonchas o en tacos dejando orear unos minutos antes de consumir.</p>
<p><strong>Peso aproximado por pieza:</strong> 0,9 – 1,1kg</p>
<p><strong>Opción «pieza loncheada»:</strong> 9 sobres al vacío de 100g/u</p>

<p><strong>INGREDIENTES: </strong>Carne y grasa de cerdo, sal, pimentón, dextrina, dextrosa, proteína cárnica (cerdo), especias, emulgentes (E-450i, E-450iii, E-451i, E-452i, E-452ii), azúcar, antioxidantes (E-301, E-325, E-331iii), conservadores (E-252, E-250) y aroma natural.</p>
<p><strong>CONDICIONES DE CONSERVACIÓN: </strong>Consérvese en un lugar fresco y seco</p>
<p><strong>ALÉRGENOS: </strong>No contiene según Anexo II del Reglamento (UE) 1169/2011</p>
<p><strong>INFORMACIÓN NUTRICIONAL. </strong>Valores medios por 100g de producto</p>
<p><strong>Valor Energético: 2016 kj / 486 kcal</strong></p>
<p><strong>Grasas: 40,6 g.</strong></p>
<p>De las cuales <strong>saturadas: 16,6 g.</strong></p>
<p><strong>Hidratos de carbono: 1,8 g.</strong></p>
<p><strong> </strong>De los cuales<strong> azúcares: &lt;0,5 g.</strong></p>
<p><strong>Proteínas: 28,4 g.</strong></p>
<p><strong>Sal: 4,1 g.</strong></p>
