{"id":4060,"date":"2022-10-13T13:16:51","date_gmt":"2022-10-13T11:16:51","guid":{"rendered":"https:\/\/monteparra.controlv.es\/?post_type=product&#038;p=4060"},"modified":"2025-11-24T09:53:28","modified_gmt":"2025-11-24T08:53:28","slug":"lomo-de-cebo-de-campo-iberico-50-raza-iberica","status":"publish","type":"product","link":"https:\/\/www.monteparra.com\/tienda\/producto\/lomo-de-cebo-de-campo-iberico-50-raza-iberica\/","title":{"rendered":"Lomo de Cebo &#8211; 50% Raza Ib\u00e9rica &#8211; M\u00e1quina"},"content":{"rendered":"<blockquote><p>Es una de las piezas m\u00e1s nobles del cerdo ib\u00e9rico, tiene una textura y aroma suaves, presentando al corte las caracter\u00edsticas de vetas de grasa infiltrada, derivadas de su calidad y origen. Se le aplica el salado, adobado y embuchado en tripa, pasando despu\u00e9s un proceso de curaci\u00f3n en nuestros secaderos naturales, donde permanece unos 6 meses. El secreto, el adobo perfeccionado durante generaciones con especias naturales y piment\u00f3n de La Vera que confieren a este embutido un sabor excepcional.<\/p><\/blockquote>\n<p><strong>Cada sobre contiene:<\/strong>\u00a0100g<\/p>\n<p>Cortado a M\u00e1quina<\/p>\n","protected":false},"excerpt":{"rendered":"<p><strong>INGREDIENTES: <\/strong>Lomo de cebo ib\u00e9rico de cerdo, sal, az\u00facares (az\u00facar, dextrosa, jarabe de glucosa), piment\u00f3n, especias, antioxidante (E-316)\u00a0 y conservadores (E-250, E-252)<\/p>\n<p><strong>CONDICIONES DE CONSERVACI\u00d3N: <\/strong>Cons\u00e9rvese en un lugar fresco y seco<\/p>\n<p><strong>AL\u00c9RGENOS: <\/strong>No contiene seg\u00fan Anexo II del Reglamento (UE) 1169\/2011<\/p>\n<p><strong>INFORMACI\u00d3N NUTRICIONAL. <\/strong>Valores medios por 100g de producto<\/p>\n<p><strong>Valor Energ\u00e9tico: 1683 kj \/ 405 kcal<\/strong><\/p>\n<p><strong>Grasas: 30,0 g.<\/strong><\/p>\n<p>De las cuales <strong>saturadas: 12,6 g.<\/strong><\/p>\n<p><strong>Hidratos de carbono: 0,9 g.<\/strong><\/p>\n<p><strong>\u00a0<\/strong>De los cuales<strong> az\u00facares: 0,9 g.<\/strong><\/p>\n<p><strong>Prote\u00ednas: 32,8 g.<\/strong><\/p>\n<p><strong>Sal: 4,1 g.<\/strong><\/p>\n","protected":false},"featured_media":4315,"template":"","meta":[],"product_brand":[],"product_cat":[58],"product_tag":[],"class_list":{"0":"post-4060","1":"product","2":"type-product","3":"status-publish","4":"has-post-thumbnail","6":"product_cat-loncheados","8":"first","9":"instock","10":"taxable","11":"shipping-taxable","12":"purchasable","13":"product-type-simple"},"_links":{"self":[{"href":"https:\/\/www.monteparra.com\/tienda\/wp-json\/wp\/v2\/product\/4060","targetHints":{"allow":["GET"]}}],"collection":[{"href":"https:\/\/www.monteparra.com\/tienda\/wp-json\/wp\/v2\/product"}],"about":[{"href":"https:\/\/www.monteparra.com\/tienda\/wp-json\/wp\/v2\/types\/product"}],"wp:featuredmedia":[{"embeddable":true,"href":"https:\/\/www.monteparra.com\/tienda\/wp-json\/wp\/v2\/media\/4315"}],"wp:attachment":[{"href":"https:\/\/www.monteparra.com\/tienda\/wp-json\/wp\/v2\/media?parent=4060"}],"wp:term":[{"taxonomy":"product_brand","embeddable":true,"href":"https:\/\/www.monteparra.com\/tienda\/wp-json\/wp\/v2\/product_brand?post=4060"},{"taxonomy":"product_cat","embeddable":true,"href":"https:\/\/www.monteparra.com\/tienda\/wp-json\/wp\/v2\/product_cat?post=4060"},{"taxonomy":"product_tag","embeddable":true,"href":"https:\/\/www.monteparra.com\/tienda\/wp-json\/wp\/v2\/product_tag?post=4060"}],"curies":[{"name":"wp","href":"https:\/\/api.w.org\/{rel}","templated":true}]}}

Lomo de Cebo &#8211; 50% Raza Ibérica &#8211; Máquina

<blockquote><p>Es una de las piezas más nobles del cerdo ibérico, tiene una textura y aroma suaves, presentando al corte las características de vetas de grasa infiltrada, derivadas de su calidad y origen. Se le aplica el salado, adobado y embuchado en tripa, pasando después un proceso de curación en nuestros secaderos naturales, donde permanece unos 6 meses. El secreto, el adobo perfeccionado durante generaciones con especias naturales y pimentón de La Vera que confieren a este embutido un sabor excepcional.</p></blockquote>
<p><strong>Cada sobre contiene:</strong> 100g</p>
<p>Cortado a Máquina</p>

<p><strong>INGREDIENTES: </strong>Lomo de cebo ibérico de cerdo, sal, azúcares (azúcar, dextrosa, jarabe de glucosa), pimentón, especias, antioxidante (E-316)  y conservadores (E-250, E-252)</p>
<p><strong>CONDICIONES DE CONSERVACIÓN: </strong>Consérvese en un lugar fresco y seco</p>
<p><strong>ALÉRGENOS: </strong>No contiene según Anexo II del Reglamento (UE) 1169/2011</p>
<p><strong>INFORMACIÓN NUTRICIONAL. </strong>Valores medios por 100g de producto</p>
<p><strong>Valor Energético: 1683 kj / 405 kcal</strong></p>
<p><strong>Grasas: 30,0 g.</strong></p>
<p>De las cuales <strong>saturadas: 12,6 g.</strong></p>
<p><strong>Hidratos de carbono: 0,9 g.</strong></p>
<p><strong> </strong>De los cuales<strong> azúcares: 0,9 g.</strong></p>
<p><strong>Proteínas: 32,8 g.</strong></p>
<p><strong>Sal: 4,1 g.</strong></p>
