{"id":4075,"date":"2022-10-13T17:11:30","date_gmt":"2022-10-13T15:11:30","guid":{"rendered":"https:\/\/monteparra.controlv.es\/?post_type=product&#038;p=4075"},"modified":"2025-10-12T19:52:05","modified_gmt":"2025-10-12T17:52:05","slug":"jamon-de-bellota-100-iberico-dop-guijuelo-2","status":"publish","type":"product","link":"https:\/\/www.monteparra.com\/tienda\/producto\/jamon-de-bellota-100-iberico-dop-guijuelo-2\/","title":{"rendered":"Jam\u00f3n de Bellota 100% Ib\u00e9rico DOP Guijuelo &#8211; Cuchillo"},"content":{"rendered":"<p>Tras dos a\u00f1os de montanera, su infiltraci\u00f3n de grasa hace que cada loncha se derrita en la boca y su recuerdo perdure recordando sus m\u00e1s de 36 meses de curaci\u00f3n en bodegas naturales. Veteado marfil, color rub\u00ed, dulzura, sabor intenso, matices y retrogusto que permanece. Joya de la gastronom\u00eda.<\/p>\n<p>Sobre de 100g &#8211; Cortado a Cuchillo<\/p>\n","protected":false},"excerpt":{"rendered":"<p><strong>INGREDIENTES: <\/strong>Jam\u00f3n de cerdo ib\u00e9rico, sal y conservadores E-250.<\/p>\n<p><strong>CONDICIONES DE CONSERVACI\u00d3N: <\/strong>Cons\u00e9rvese en un lugar seco a temperatura ambiente (Aprox. 20\u00baC)<\/p>\n<p><strong>AL\u00c9RGENOS: <\/strong>Ninguno. Sin lactosa<\/p>\n<p><strong>INFORMACI\u00d3N NUTRICIONAL: <\/strong>Valores medios por 100g de producto<\/p>\n<p><strong>Valor Energ\u00e9tico: 1510 kj \/ 363 kcal<\/strong><\/p>\n<p><strong>Grasas: 25,6 g.<\/strong><\/p>\n<p>De las cuales <strong>saturadas: 8,2 g.<\/strong><\/p>\n<p><strong>Hidratos de carbono: &lt;0,5 g.<\/strong><\/p>\n<p><strong>\u00a0<\/strong>De los cuales<strong> az\u00facares: &lt;0,5 g.<\/strong><\/p>\n<p><strong>Prote\u00ednas: 33,1 g.<\/strong><\/p>\n<p><strong>Sal: 5,40 g.<\/strong><\/p>\n","protected":false},"featured_media":4312,"template":"","meta":[],"product_brand":[],"product_cat":[58],"product_tag":[],"class_list":{"0":"post-4075","1":"product","2":"type-product","3":"status-publish","4":"has-post-thumbnail","6":"product_cat-loncheados","8":"first","9":"instock","10":"taxable","11":"shipping-taxable","12":"purchasable","13":"product-type-simple"},"_links":{"self":[{"href":"https:\/\/www.monteparra.com\/tienda\/wp-json\/wp\/v2\/product\/4075","targetHints":{"allow":["GET"]}}],"collection":[{"href":"https:\/\/www.monteparra.com\/tienda\/wp-json\/wp\/v2\/product"}],"about":[{"href":"https:\/\/www.monteparra.com\/tienda\/wp-json\/wp\/v2\/types\/product"}],"wp:featuredmedia":[{"embeddable":true,"href":"https:\/\/www.monteparra.com\/tienda\/wp-json\/wp\/v2\/media\/4312"}],"wp:attachment":[{"href":"https:\/\/www.monteparra.com\/tienda\/wp-json\/wp\/v2\/media?parent=4075"}],"wp:term":[{"taxonomy":"product_brand","embeddable":true,"href":"https:\/\/www.monteparra.com\/tienda\/wp-json\/wp\/v2\/product_brand?post=4075"},{"taxonomy":"product_cat","embeddable":true,"href":"https:\/\/www.monteparra.com\/tienda\/wp-json\/wp\/v2\/product_cat?post=4075"},{"taxonomy":"product_tag","embeddable":true,"href":"https:\/\/www.monteparra.com\/tienda\/wp-json\/wp\/v2\/product_tag?post=4075"}],"curies":[{"name":"wp","href":"https:\/\/api.w.org\/{rel}","templated":true}]}}

Jamón de Bellota 100% Ibérico DOP Guijuelo &#8211; Cuchillo

<p>Tras dos años de montanera, su infiltración de grasa hace que cada loncha se derrita en la boca y su recuerdo perdure recordando sus más de 36 meses de curación en bodegas naturales. Veteado marfil, color rubí, dulzura, sabor intenso, matices y retrogusto que permanece. Joya de la gastronomía.</p>
<p>Sobre de 100g &#8211; Cortado a Cuchillo</p>

<p><strong>INGREDIENTES: </strong>Jamón de cerdo ibérico, sal y conservadores E-250.</p>
<p><strong>CONDICIONES DE CONSERVACIÓN: </strong>Consérvese en un lugar seco a temperatura ambiente (Aprox. 20ºC)</p>
<p><strong>ALÉRGENOS: </strong>Ninguno. Sin lactosa</p>
<p><strong>INFORMACIÓN NUTRICIONAL: </strong>Valores medios por 100g de producto</p>
<p><strong>Valor Energético: 1510 kj / 363 kcal</strong></p>
<p><strong>Grasas: 25,6 g.</strong></p>
<p>De las cuales <strong>saturadas: 8,2 g.</strong></p>
<p><strong>Hidratos de carbono: &lt;0,5 g.</strong></p>
<p><strong> </strong>De los cuales<strong> azúcares: &lt;0,5 g.</strong></p>
<p><strong>Proteínas: 33,1 g.</strong></p>
<p><strong>Sal: 5,40 g.</strong></p>
