{"id":4269,"date":"2023-01-31T12:05:29","date_gmt":"2023-01-31T11:05:29","guid":{"rendered":"https:\/\/www.monteparra.com\/tienda\/?post_type=product&#038;p=4269"},"modified":"2025-12-01T08:46:34","modified_gmt":"2025-12-01T07:46:34","slug":"estuche-a-cuchillo-parra","status":"publish","type":"product","link":"https:\/\/www.monteparra.com\/tienda\/producto\/estuche-a-cuchillo-parra\/","title":{"rendered":"Malet\u00edn a cuchillo \u00abParra\u00bb"},"content":{"rendered":"<p><strong>Cada Pack contiene:\u00a0<\/strong><\/p>\n<p>10 sobres \u00aba cuchillo\u00bb de Jam\u00f3n de Cebo Ib\u00e9rico 50% Raza Ib\u00e9rica<br \/>\n100g\/unidad (al vac\u00edo)<\/p>\n<p>&nbsp;<\/p>\n","protected":false},"excerpt":{"rendered":"<p>Puede consultar los INGREDIENTES, los AL\u00c9RGENOS, las CONDICIONES DE CONSERVACI\u00d3N y los\u00a0 VALORES NUTRICIONALES de los productos incluidos en el apartado JAMONES y PALETAS y\/o EMBUTIDOS<\/p>\n","protected":false},"featured_media":4388,"template":"","meta":[],"product_brand":[],"product_cat":[59],"product_tag":[],"class_list":{"0":"post-4269","1":"product","2":"type-product","3":"status-publish","4":"has-post-thumbnail","6":"product_cat-packs","8":"first","9":"instock","10":"taxable","11":"shipping-taxable","12":"purchasable","13":"product-type-simple"},"_links":{"self":[{"href":"https:\/\/www.monteparra.com\/tienda\/wp-json\/wp\/v2\/product\/4269","targetHints":{"allow":["GET"]}}],"collection":[{"href":"https:\/\/www.monteparra.com\/tienda\/wp-json\/wp\/v2\/product"}],"about":[{"href":"https:\/\/www.monteparra.com\/tienda\/wp-json\/wp\/v2\/types\/product"}],"wp:featuredmedia":[{"embeddable":true,"href":"https:\/\/www.monteparra.com\/tienda\/wp-json\/wp\/v2\/media\/4388"}],"wp:attachment":[{"href":"https:\/\/www.monteparra.com\/tienda\/wp-json\/wp\/v2\/media?parent=4269"}],"wp:term":[{"taxonomy":"product_brand","embeddable":true,"href":"https:\/\/www.monteparra.com\/tienda\/wp-json\/wp\/v2\/product_brand?post=4269"},{"taxonomy":"product_cat","embeddable":true,"href":"https:\/\/www.monteparra.com\/tienda\/wp-json\/wp\/v2\/product_cat?post=4269"},{"taxonomy":"product_tag","embeddable":true,"href":"https:\/\/www.monteparra.com\/tienda\/wp-json\/wp\/v2\/product_tag?post=4269"}],"curies":[{"name":"wp","href":"https:\/\/api.w.org\/{rel}","templated":true}]}}

Maletín a cuchillo «Parra»

<p><strong>Cada Pack contiene: </strong></p>
<p>10 sobres «a cuchillo» de Jamón de Cebo Ibérico 50% Raza Ibérica<br />
100g/unidad (al vacío)</p>
<p>&nbsp;</p>

<p>Puede consultar los INGREDIENTES, los ALÉRGENOS, las CONDICIONES DE CONSERVACIÓN y los  VALORES NUTRICIONALES de los productos incluidos en el apartado JAMONES y PALETAS y/o EMBUTIDOS</p>
